24. Let o(l) = -8*l - 26. Suppose 3*r - 4*k + 11 = -47, 48 = -2*r + 5*k. What is the remainder when o(r) is divided by g?
6
Let s be (10296/330)/(-2*(-1)/60). Suppose -29*h + 38*h - s = 0. What is the remainder when h is divided by 21?
20
Suppose 61*l = 56*l - 50. Let r(f) = -f**2 - 15*f - 34. Calculate the remainder when 525 is divided by r(l).
13
Let g(m) = -18*m + 1540. Let j be g(0). Suppose 7*r = -13*r + j. What is the remainder when r is divided by 27?
23
Suppose -1106*h = -1163*h + 16074. Calculate the remainder when 1962 is divided by h.
270
Let y(v) = -5*v - 13 - 25 + 4*v - 9*v - 59. Calculate the remainder when y(-13) is divided by 18.
15
Let j = 459 + -693. Let d = 247 + j. Let p(t) = -t - 2. Calculate the remainder when d is divided by p(-8).
1
Let q = -94 + 116. Suppose -q + 136 = 3*m. Calculate the remainder when 112 is divided by m.
36
Let x be (-39*3/(-27))/(1/9). Suppose 0 = -3*n + x + 9. Let z(p) = 4*p - 3. Calculate the remainder when n is divided by z(3).
7
Let n(o) = o**2 - 76*o + 1147. Calculate the remainder when 2443 is divided by n(17).
139
Let v = 4972 - 4952. Calculate the remainder when 0/((-3)/(-3)) - -43 is divided by v.
3
Let m be 1*368*19/(-38). Calculate the remainder when 4 is divided by (-720)/m + 6*2/138.
0
Let i = -11 - -11. What is the remainder when 0 + 1 - i - -39 is divided by 13/((-2197)/(-1833)) + (-4)/(-26)?
7
Suppose -3*t - 1017 = -9*y, -72 = -4*t - 60. What is the remainder when y is divided by (52/(-16))/(2/(-24))?
36
Suppose d - 7 = -4*z + 4, 0 = 5*d + 25. Suppose 43 = -z*n + 227. Calculate the remainder when n is divided by 12.
10
Suppose 11820 = 41*b - 108802. Calculate the remainder when b is divided by 9.
8
Let q(g) = -g**3 + 32*g**2 + 58*g + 349. Calculate the remainder when 10790 is divided by q(34).
8
Let n = -246 - -254. Suppose -104 = -4*m + 4*f, -3*m = -2*f - n - 71. Calculate the remainder when m is divided by 9.
0
Suppose -5 + 13 = -2*w, 5*w = -5*t + 170. Let u(p) = -7*p**3 - 5*p**2 + 2. What is the remainder when u(-3) is divided by t?
32
Suppose -7 - 17 = -8*l. Suppose 29 = 3*j - 4*v, 7*j - v = l*j + 30. Calculate the remainder when 60 is divided by j.
4
Let w = -6 - -13. Let l(k) = -3*k - 81*k**3 - 13 + 8*k**2 + 80*k**3 - 4. Calculate the remainder when l(w) is divided by 4.
3
Suppose -11842 = -46*v - 3976. Calculate the remainder when 996 is divided by v.
141
Let b(y) be the first derivative of 4*y**3/3 + 5*y**2/2 + 2*y - 68. Calculate the remainder when b(3) is divided by 14.
11
Suppose -16 = 29*b - 25*b. Let f be (b - (-30)/6)/(2/166). Suppose -97 = -2*v - f. What is the remainder when 13 is divided by v?
6
Let r = -460 - -455. Suppose 12 = 4*c - 4*s - s, c - 3 = -2*s. What is the remainder when ((25/(-15))/r)/(2/66) is divided by c?
2
Suppose 0 = 2*a + 32 - 80. Suppose 0 = 10*l + 9 - 19. What is the remainder when 239 is divided by a + -29 + l*29?
23
Suppose 0 = -7*z + 2*z + 2*f + 68, -4*f - 16 = 0. Let u(k) = 3 - 6*k**2 - 8*k + 5*k**3 - 6*k - 4*k**3 + 3. Calculate the remainder when u(8) is divided by z.
10
Suppose 470 = -4*f + 14*f. What is the remainder when 4163 is divided by f?
27
Suppose 0 = -0*n + 2*n + 4. Let o(f) be the first derivative of -11*f**2/2 - 5*f + 244. What is the remainder when 48 is divided by o(n)?
14
Calculate the remainder when (-4288)/(-11) - (2532/(-132) - -19) is divided by 326.
64
Suppose t - 4*y = 1, y + 11 = t + 22. Let d(c) = -c**2 - 16*c - 10. What is the remainder when 6 is divided by d(t)?
1
Suppose 2327 = 933*k - 920*k. Calculate the remainder when k is divided by 59.
2
Let k(l) = -l**3 - 17*l**2 - 42*l + 11. Let a be k(-14). Suppose 207 = -a*f + 20*f. What is the remainder when 114 is divided by f?
22
Let n(h) = -91*h - 646. Let o(g) = -23*g - 162. Let f(z) = -2*n(z) + 9*o(z). Calculate the remainder when f(-12) is divided by 38.
20
Let b(t) = 3*t**2 - 12*t + 10. Let y be b(4). Suppose y*a + 368 = -132. Let f = 75 + a. What is the remainder when 174 is divided by f?
24
Let v = -130 - -164. Suppose -222 = -37*j + v*j. Calculate the remainder when j is divided by 7.
4
Suppose -9*d - 688 = -13*d. Let h = d - 279. Let x = -68 - h. Calculate the remainder when 73 is divided by x.
34
Suppose n + 75 - 188 = 0. Let t(x) = x**3 + 23*x**2 - 733*x - 31. Calculate the remainder when n is divided by t(18).
54
Let i = -110 - -59. Let y be 6/8 + i/(-12). Suppose -3*b - y*t + 88 = 0, -b + 0*t - 3*t + 24 = 0. Calculate the remainder when 70 is divided by b.
34
Let g(b) = 4*b + 80. Let p be (0 - (1 + 2 - -15)) + 3. Calculate the remainder when 174 is divided by g(p).
14
Let a(s) = -43*s**3 + 5*s**2 - 9*s + 7. Let v be a(2). Let p = v + 728. What is the remainder when p is divided by 66?
63
Let g(o) = -231*o**3. Let v = 21 - 22. Let c be g(v). Let a = c + -151. Calculate the remainder when a is divided by 17.
12
Suppose 38*q - 45*q + 119 = 0. What is the remainder when (q/(-2 + 1))/(-3 + 2) is divided by (50/(-15)*3)/(-2)?
2
Let v(m) = m**3 - 21*m**2 + 46*m - 14. Let x be v(19). Suppose -3*h - 5*p + p + 123 = 0, -3*h + x = -p. Calculate the remainder when h is divided by 24.
21
Let w(n) = -48*n**2 + 146*n**2 + 25*n - 97 - 51*n**2 - 48*n**2. What is the remainder when 23 is divided by w(6)?
6
Let k be 23620/100 + 1/(-5). Let d be 1 - 837/6 - 2/(-4). Let b = k + d. Calculate the remainder when b is divided by 25.
23
Suppose -3*j + 3 = 0, -130*j + 132*j - 3294 = -4*c. What is the remainder when c is divided by 55?
53
Suppose q = -4*q + 105. Let c(t) be the second derivative of -t**4/12 + 13*t**3/3 - 19*t**2/2 - 7*t. Calculate the remainder when c(q) is divided by 22.
20
Let v be (-7)/(63/(-6))*84. Suppose -9*h = -3*h + 3*h. Suppose -s - 7*s + v = h. Calculate the remainder when 19 is divided by s.
5
Let b(f) = -247*f**3 + 27*f + 25. What is the remainder when b(-1) is divided by 236?
9
Let p = -173 + 196. Suppose 0 = -6*m - m - 203. Let u = m + 35. What is the remainder when p is divided by u?
5
Suppose 2256 = -0*w + 8*w. Suppose 3*a + 5*t = w, -t + 6*t = 5*a - 510. Let r = 108 - a. What is the remainder when r is divided by 2?
1
Let n = -442 - -446. Suppose -n*a + 500 = 7*m - 2*m, 3*m - 278 = 2*a. Calculate the remainder when m is divided by 34.
28
Suppose 4*q = 2*g - 453 - 225, 4*g - 1368 = 2*q. What is the remainder when g is divided by 110?
13
Let j = 279 - 276. Let v = -80 + 114. Suppose -4*t = g + 2 + j, 3*t = 2*g - v. What is the remainder when g is divided by 5?
1
Let d = 446 + -430. Suppose 12 = 3*a, -4*a - 5 - 5 = -2*n. What is the remainder when d is divided by n?
3
Let m(b) = -b**2 - 9*b - 16. Let t be m(-5). Suppose -t*o = -7*o + 63. Suppose 4*i - i = 33. What is the remainder when o is divided by i?
10
Let q(r) = -r**3 - 29*r**2 - 20*r - 551. Calculate the remainder when 1013 is divided by q(-29).
27
Let l = -8588 - -8605. What is the remainder when 1682 is divided by l?
16
Suppose 2*b = 5*t - 220, t + 2*b + 2*b - 22 = 0. Let d(f) = -f**3 + 2*f**2 + 9*f - 2. What is the remainder when t is divided by d(-3)?
10
Let y(j) = -26*j - 63. Suppose -3*n - 4 = 5*f, -5*f = 2*n - 6 + 7. Calculate the remainder when 87 is divided by y(n).
12
Calculate the remainder when ((-80)/25 + -2)*(-127 + 17) is divided by 97.
87
Let w(y) = -y + 3. Let o be w(-6). Suppose 0 = -4*s - 15 + 159. What is the remainder when s is divided by 3*3/o*(-10)/(-1)?
6
Let d be (4/(-5))/(4/(-30)). Suppose d*p = p + 120. What is the remainder when p is divided by (-7 - -28) + -25 - -13?
6
Let j = 20031 + -19870. Calculate the remainder when 8692 is divided by j.
159
Let z(s) = s**2 + 17*s**2 - 6*s**2 + s**3 - 6 - 5*s. Let p = 169 + -158. What is the remainder when z(-12) is divided by p?
10
What is the remainder when 236/(-295)*((-116340)/(-8))/(-7) is divided by 45?
42
Suppose 24*p - 27*p + 55 = 4*u, 5*p = -7*u + 95. Calculate the remainder when 39 is divided by u.
9
Suppose -f - 57 = -63. Suppose -f*c + 186 = 78. Calculate the remainder when 345/c - (-5)/(-30) is divided by 10.
9
Suppose -2483 = 39*q - 52*q. Let a = -71 - -84. Calculate the remainder when q is divided by a.
9
Let q(k) = -8*k + 59. Let h be q(6). What is the remainder when 63 is divided by 12/3 + 2/2*h?
3
Let l(u) = -67*u + 1033. What is the remainder when l(10) is divided by 85?
23
Let n be 8/2 + (6 - 8). Let w(o) 